se 8.
0
71 (base 12) to base 6
221
Convert -23 (base 4) to base 8.
-13
Convert -11220 (base 3) to base 9.
-156
-11 (base 9) to base 6
-14
-3 (base 6) to base 13
-3
Convert 31 (base 8) to base 9.
27
Convert -5 (base 16) to base 3.
-12
What is 125 (base 6) in base 13?
41
What is -38 (base 11) in base 3?
-1112
What is -12 (base 11) in base 14?
-d
-1 (base 8) to base 6
-1
12 (base 5) to base 9
7
What is -3 (base 14) in base 4?
-3
Convert -1211 (base 3) to base 16.
-31
Convert 321 (base 6) to base 15.
81
4 (base 8) to base 4
10
Convert -222 (base 8) to base 16.
-92
-30 (base 7) to base 6
-33
Convert 1 (base 16) to base 10.
1
Convert 1100 (base 2) to base 9.
13
100 (base 3) to base 12
9
Convert 53 (base 15) to base 2.
1001110
-1000 (base 2) to base 7
-11
-7 (base 13) to base 14
-7
Convert -4 (base 8) to base 16.
-4
2b (base 12) to base 15
25
What is 4 (base 14) in base 9?
4
-20 (base 5) to base 13
-a
What is -3 (base 11) in base 10?
-3
Convert 1b4 (base 14) to base 13.
213
Convert 12 (base 7) to base 9.
10
Convert 6 (base 14) to base 9.
6
Convert -18 (base 10) to base 5.
-33
Convert -3 (base 15) to base 5.
-3
What is -a (base 16) in base 7?
-13
What is -6 (base 16) in base 13?
-6
41 (base 9) to base 7
52
-1 (base 7) to base 13
-1
1 (base 5) to base 2
1
What is -67 (base 8) in base 7?
-106
6 (base 10) to base 13
6
What is 1 (base 14) in base 10?
1
Convert -1b (base 15) to base 11.
-24
-7 (base 14) to base 11
-7
11a (base 15) to base 4
3322
1 (base 5) to base 9
1
Convert -101 (base 6) to base 4.
-211
Convert -109 (base 11) to base 5.
-1010
What is 9 (base 10) in base 9?
10
Convert 163 (base 11) to base 15.
ca
341 (base 9) to base 6
1144
Convert 2 (base 10) to base 9.
2
What is 4 (base 12) in base 4?
10
-1223 (base 6) to base 3
-102020
Convert 1 (base 2) to base 11.
1
Convert -134 (base 15) to base 8.
-422
2a (base 13) to base 10
36
2111 (base 4) to base 14
a9
What is 231 (base 5) in base 3?
2110
-11 (base 15) to base 12
-14
1010 (base 3) to base 12
26
1 (base 4) to base 13
1
What is 66 (base 8) in base 16?
36
Convert 2 (base 11) to base 10.
2
What is -3 (base 13) in base 6?
-3
-2 (base 12) to base 15
-2
Convert -19 (base 11) to base 16.
-14
-2c (base 16) to base 5
-134
Convert 21 (base 3) to base 7.
10
-58 (base 9) to base 10
-53
What is -1101011 (base 2) in base 16?
-6b
Convert -411 (base 5) to base 4.
-1222
11 (base 2) to base 10
3
Convert 5a (base 12) to base 11.
64
Convert -a4 (base 13) to base 15.
-8e
Convert b2 (base 13) to base 12.
101
What is 123 (base 16) in base 3?
101210
What is -38 (base 15) in base 2?
-110101
What is -c (base 15) in base 13?
-c
-9 (base 15) to base 4
-21
-21112 (base 3) to base 16
-cb
What is 3 (base 6) in base 13?
3
What is 4 (base 13) in base 7?
4
2a (base 12) to base 6
54
26 (base 12) to base 10
30
What is -1dd (base 14) in base 9?
-474
102 (base 4) to base 2
10010
What is -6 (base 14) in base 3?
-20
-4 (base 13) to base 8
-4
11010110 (base 2) to base 11
185
What is -1201 (base 3) in base 6?
-114
Convert -2 (base 11) to base 13.
-2
-1033 (base 5) to base 7
-263
-be (base 15) to base 7
-344
What is -105 (base 6) in base 4?
-221
31 (base 6) to base 12
17
52 (base 13) to base 7
124
What is 4 (base 13) in base 12?
4
Convert -110 (base 2) to base 3.
-20
7 (base 11) to base 2
111
Convert 55 (base 9) to base 10.
50
Convert -178 (base 11) to base 8.
-316
Convert 11 (base 6) to base 12.
7
363 (base 9) to base 5
2200
-8 (base 16) to base 9
-8
Convert 0 (base 8) to base 3.
0
Convert 11 (base 2) to base 9.
3
Convert -3 (base 4) to base 5.
-3
What is -50 (base 6) in base 7?
-42
2 (base 12) to base 9
2
100 (base 2) to base 3
11
Convert -1230 (base 4) to base 9.
-130
What is -4 (base 16) in base 15?
-4
What is 84 (base 12) in base 15?
6a
What is -133 (base 4) in base 7?
-43
26 (base 15) to base 7
51
1110 (base 2) to base 12
12
Convert -3a (base 12) to base 4.
-232
22 (base 3) to base 9
8
What is 32 (base 10) in base 6?
52
What is 0 (base 16) in base 12?
0
-441 (base 5) to base 2
-1111001
-102 (base 6) to base 11
-35
-74 (base 10) to base 16
-4a
-3 (base 12) to base 6
-3
Convert -10 (base 3) to base 9.
-3
-1011011 (base 2) to base 4
-1123
What is 15 (base 12) in base 14?
13
-5 (base 7) to base 12
-5
Convert 535 (base 8) to base 13.
20b
Convert 40 (base 10) to base 14.
2c
What is 12 (base 13) in base 3?
120
2 (base 16) to base 4
2
-5 (base 9) to base 4
-11
-25 (base 11) to base 5
-102
Convert 13 (base 10) to base 12.
11
What is 23 (base 5) in base 9?
14
What is 2 (base 3) in base 13?
2
Convert -10 (base 3) to base 11.
-3
Convert e (base 16) to base 13.
11
-2 (base 8) to base 2
-10
Convert -1000 (base 3) to base 9.
-30
Convert 10 (base 6) to base 12.
6
What is 15 (base 9) in base 4?
32
What is -6 (base 12) in base 15?
-6
Convert 10000 (base 4) to base 7.
514
What is -1 (base 11) in base 4?
-1
What is 25 (base 6) in base 11?
16
What is 51 (base 11) in base 6?
132
Convert -5 (base 6) to base 9.
-5
Convert 3 (base 12) to base 9.
3
Convert -302 (base 4) to base 13.
-3b
2 (base 15) to base 7
2
Convert 2 (base 8) to base 11.
2
-11 (base 14) to base 5
-30
What is 4 (base 7) in base 6?
4
10010 (base 3) to base 2
1010100
202 (base 3) to base 4
110
-3 (base 10) to base 2
-11
What is -1 (base 16) in base 8?
-1
What is -33 (base 4) in base 14?
-11
Convert -20 (base 6) to base 4.
-30
What is -11 (base 16) in base 15?
-12
What is -6 (base 15) in base 14?
-6
Convert 112 (base 3) to base 5.
24
What is 33 (base 11) in base 10?
36
What is -1 (base 12) in base 3?
-1
What is -1 (base 7) in base 2?
-1
Convert -10 (base 3) to base 12.
-3
Convert 83 (base 12) to base 11.
90
What is 110 (base 5) in base 14?
22
What is 541 (base 6) in base 7?
412
What is -46 (base 11) in base 12?
-42
Convert -d (base 15) to base 4.
-31
What is -30 (base 5) in base 6?
-23
Convert 6 (base 9) to base 6.
10
What is 1 (base 13) in base 14?
1
What is -2 (base 6) in base 15?
-2
What is -23 (base 15) in base 12?
-29
-20 (base 6) to base 3
-110
What is 5 (base 9) in base 7?
5
Convert 2000 (base 3) to base 7.
105
-20 (base 8) to base 6
-24
What is 1 (base 2) in base 4?
1
What is 3 (base 6) in base 11?
3
0 (base 11) to base 5
0
-36 (base 8) to base 3
-1010
Convert -3 (base 16) to base 7.
-3
Convert -2 (base 3) to base 5.
-2
-21212 (base 3) to base 5
-1322
-43 (base 6) to base 15
-1c
c (base 15) to base 9
13
What is 0 (base 4) in base 10?
0
-11 (base 10) to base 2
-1011
Convert -12110 (base 3) to base 5.
-1042
-1 (base 16) to base 10
-1
-1001000 (base 2) to base 16
-48
1000 (base 2) to base 7
11
2 (base 15) to base 11
2
41 (base 7) to base 8
35
What is -1 (base 4) in base 12?
-1
What is 85 (base 13) in base 3?
11001
Convert 22 (base 6) to base 2.
1110
What is -12 (base 9) in base 10?
-11
-361 (base 7) to base 2
-10111110
What is -41 (base 13) in base 2?
-110101
232 (base 5) to base 13
52
11 (base 4) to base 7
5
Convert -3 (base 7) to base 8.
-3
Convert -4 (base 9) to base 5.
-4
Convert -1001 (base 2) to base 3.
-100
-13 (base 4) to base 9
-7
Convert -1111 (base 2) to base 12.
-13
-101 (base 2) to base 6
-5
Convert -1011 (base 2) to base 16.
-b
5 (base 13) to base 16
5
-73 (base 10) to base 5
-243
What is -1c (base 15) in base 5?
-102
Convert 3 (base 16) to base 4.
3
What is 110110 (base 2) in base 16?
36
What is 14 (base 8) in base 15?
c
-1 (base 15) to base 10
-1
What is -2 (base 7) in base 16?
-2
8 (base 13) to base 15
8
What is 0 (base 14) in base 9?
0
20 (base 4) to base 16
8
What is 29 (base 11) in base 13?
25
What is -207 (base 10) in base 14?
-10b
-2 (base 14) to base 7
-2
26 (base 9) to base 4
120
What is -44 (base 5) in base 16?
-18
-100 (base 5) to base 7
-34
-1 (base 11) to base 2
-1
-210 (base 4) to base 15
-26
Convert -3 (base 10) to base 9.
-3
-2 (base 11) to base 2
-10
-40 (base 11) to base 14
-32
Convert -1 (base 2) to base 4.
-1
15 (base 9) to base 4
32
Convert 4 (base 11) to base 13.
4
Convert 10 (base 5) to base 7.
5
What is -3 (base 10) in base 5?
-3
What is -1 (base 15) in base 8?
-1
43 (base 6) to base 12
23
41 (base 15) to base 7
115
Convert -11 (base 16) to base 14.
-13
-12 (base 8) to base 13
-a
What is 44 (base 5) in base 3?
220
3 (base 15) to base 11
3
-8b (base 16) to base 5
-1024
Convert -2 (base 3) to base 16.
-2
Convert -31 (base 6) to base 7.
-25
4 (bas